(-24).
236
Let l(y) = -y**3 - 15*y**2 - 40*y + 12. Give l(-4).
-4
Let y(i) = 174*i - 3327. What is y(17)?
-369
Let l(w) = 6*w**2 - 332*w - 44. Give l(53).
-786
Let k(z) = 9*z**3 + 29*z**2 - 70*z - 435. What is k(-6)?
-915
Let l(r) = r**3 - 364*r**2 + 6010*r - 38532. Calculate l(347).
-15
Let t(i) = -37*i**2 - 17414*i - 17412. Give t(-1).
-35
Let b(w) = w**2 - 629*w + 5605. Determine b(9).
25
Let m(u) = -u**2 + 377824*u - 3022548. Calculate m(8).
-20
Let f(q) = -233*q**3 - 15*q**2 - 36*q - 23. Calculate f(-2).
1853
Let a(b) = -18512*b - 18523. What is a(-1)?
-11
Let s(d) = -13*d**3 - 34*d**2 - 451*d - 1383. What is s(-3)?
15
Let m(x) = 388*x**2 - 826*x + 76. What is m(2)?
-24
Let i(a) = -3*a**2 - 274*a + 31. What is i(-88)?
911
Let a(s) = -2734*s - 462048. Calculate a(-169).
-2
Let k(c) = -18*c**3 + 1512*c**2 - 11*c + 952. What is k(84)?
28
Let l(a) = -9750*a + 506996. Calculate l(52).
-4
Let o(k) = -2250*k + 72006. What is o(32)?
6
Let w(h) = -7581*h + 629230. Calculate w(83).
7
Let l(n) = 2*n**3 - 72*n**2 - 531*n - 105. Give l(-6).
57
Let m(n) = 2*n**3 + 13*n**2 + 87*n + 148. Determine m(-6).
-338
Let j(y) = 2*y**3 + 18*y**2 - 66*y - 668. What is j(-8)?
-12
Let r(v) = 2*v**3 - 15*v**2 - 233*v + 128. What is r(15)?
8
Let w(q) = -2*q**3 + 215*q**2 + 347*q - 1727. Give w(109).
453
Let v(q) = -13277*q + 185892. Determine v(14).
14
Let k(h) = -197*h - 4519. Calculate k(-16).
-1367
Let u(p) = -13593*p + 3493405. Calculate u(257).
4
Let b(f) = 155317*f - 4504192. Calculate b(29).
1
Let f(o) = -o**3 - 34*o**2 + 577*o + 10327. Determine f(-42).
205
Let s(f) = -12775*f + 408735. What is s(32)?
-65
Let v(q) = 91444*q + 365740. Give v(-4).
-36
Let b(y) = -107*y**3 - 11*y**2 - 134*y - 503. What is b(-4)?
6705
Let d(l) = -503*l + 26729. Calculate d(53).
70
Let o(v) = v**3 - 227*v**2 + 686*v - 3141. Determine o(224).
-5
Let m(s) = s**3 + 11*s**2 - 54095*s - 541062. Determine m(-10).
-12
Let m(u) = -976*u - 33935. Calculate m(-35).
225
Let v(f) = 1363*f + 409041. What is v(-300)?
141
Let i(g) = 1200*g**2 + 477597*g - 1177. Calculate i(-398).
17
Let u(z) = -1499*z - 7798. Calculate u(-5).
-303
Let b(p) = 69*p**2 + 1061*p + 4. What is b(-13)?
-2128
Let c(v) = -9816*v - 421980. What is c(-43)?
108
Let t(o) = o**2 - 79*o + 780. What is t(11)?
32
Let q(m) = -m**3 + 351*m**2 - 14028*m - 740. What is q(305)?
-130
Let l(u) = 10*u**2 + 1111*u + 953. What is l(-110)?
-257
Let v(l) = l**3 - 22*l**2 + 26*l + 257. What is v(20)?
-23
Let g(d) = 604869*d - 2419454. Determine g(4).
22
Let s(p) = 10806*p + 32368. Give s(-3).
-50
Let s(a) = 10*a**2 + 4378*a + 41927. Determine s(-428).
-17
Let c(o) = o**2 - 405*o + 24442. Give c(74).
-52
Let q(f) = f**3 - 197*f**2 + 6422*f - 1085. Determine q(41).
-19
Let r(z) = 6642*z**2 - 79706*z + 36. Determine r(12).
12
Let r(o) = 2412*o + 23648. Give r(-10).
-472
Let w(j) = 40*j**3 + 3*j**2 - 643*j + 643. What is w(1)?
43
Let v(b) = -2206*b - 26430. Calculate v(-12).
42
Let t(i) = -1487*i + 185815. Determine t(125).
-60
Let w(c) = -2*c**2 + 591*c + 116248. Give w(-135).
13
Let v(l) = l**3 + 13*l**2 - 317*l - 1. Determine v(9).
-1072
Let c(k) = -1167*k - 30250. Determine c(-26).
92
Let k(o) = -3*o**3 - 90*o**2 - 622*o + 794. Give k(-16).
-6
Let q(i) = -2255*i - 22624. What is q(-10)?
-74
Let o(l) = l**3 - 21*l**2 - 89*l + 1473. Give o(22).
-1
Let i(p) = -415*p - 17510. Give i(-43).
335
Let d(b) = b**3 - 98*b**2 + 965*b - 329. Determine d(87).
367
Let v(r) = 14031*r - 84895. Calculate v(6).
-709
Let c(a) = -45*a**3 - 3292*a**2 - 593*a - 6017. Determine c(-73).
-31
Let h(k) = 2*k**3 + 1001*k**2 + 295*k - 102263. Calculate h(-500).
237
Let i(v) = 33*v + 9768. Determine i(-296).
0
Let o(m) = -m**2 + 1930*m + 25257. Calculate o(-13).
-2
Let l(s) = 2*s**3 - 65*s**2 - 196*s + 743. Determine l(35).
8
Let q(x) = -467*x + 16186. Determine q(32).
1242
Let i(f) = 12656*f + 77990. Calculate i(-6).
2054
Let q(u) = 254413*u - 24423665. What is q(96)?
-17
Let m(l) = 3*l**3 + l**2 - 9*l - 22. Calculate m(-7).
-939
Let v(w) = -w**3 + 67*w**2 + 358*w - 15175. Calculate v(69).
5
Let j(d) = 55*d**2 - 106*d + 193. Determine j(3).
370
Let k(u) = -u**3 + 8*u**2 + 1766*u - 2128. What is k(-39)?
485
Let b(l) = 12131*l + 72789. Determine b(-6).
3
Let k(b) = -5*b**2 - 328*b - 5171. Give k(-26).
-23
Let q(v) = -2*v**2 + 382674*v + 4592382. Give q(-12).
6
Let i(w) = -129*w**2 + 1259*w + 331. Determine i(10).
21
Let z(f) = -15*f**2 + 431*f - 313. What is z(28)?
-5
Let f(a) = -2999*a - 104915. Calculate f(-35).
50
Let u(j) = -4*j**2 - 457*j - 12588. Calculate u(-45).
-123
Let s(q) = 227*q - 75570. What is s(333)?
21
Let t(p) = 28877*p - 1559361. Determine t(54).
-3
Let t(r) = 2*r**3 + r**2 + 709*r + 3551. Determine t(-5).
-219
Let t(j) = 410*j + 8607. Give t(-19).
817
Let c(j) = 365*j**2 - 25194*j + 773. Calculate c(69).
152
Let o(c) = c**3 - 10*c**2 + 121*c - 647. Give o(5).
-167
Let f(o) = 3*o**3 + 284*o**2 + 181*o - 389. Calculate f(-94).
269
Let j(b) = -7*b**3 + 112*b**2 + 243*b + 120. What is j(18)?
-42
Let z(w) = -6*w**2 + 10384*w + 515913. Determine z(1779).
3
Let m(f) = -f**3 + 282*f**2 - 134*f - 41309. Calculate m(281).
-2
Let c(n) = 465*n - 178549. Determine c(384).
11
Let m(g) = 2*g**3 + 346*g**2 - 1389*g + 4753. Give m(-177).
-26
Let b(z) = 1547*z - 20594. What is b(14)?
1064
Let l(m) = -33713*m - 235997. What is l(-7)?
-6
Let t(y) = 160951*y - 25108352. Determine t(156).
4
Let x(i) = 27*i**3 - 188*i**2 + 138*i - 1000. What is x(7)?
15
Let o(v) = -2*v**2 + 746*v - 5957. Calculate o(8).
-117
Let p(r) = -5524*r + 16451. Calculate p(3).
-121
Let s(x) = 100*x - 610. What is s(0)?
-610
Let n(u) = -6*u**3 - 69*u**2 - 195*u - 106. Calculate n(-8).
110
Let k(b) = -583*b - 37850. Determine k(-72).
4126
Let k(c) = -c**3 - 156*c**2 - 1919*c + 9804. Give k(-142).
6
Let t(y) = -y**2 + 17083*y - 102479. Determine t(6).
-17
Let f(y) = 229539*y - 23642517. Give f(103).
0
Let x(w) = -w**2 + w + 1944. Calculate x(37).
612
Let n(l) = -1676547*l + 3353099. What is n(2)?
5
Let u(f) = 965*f + 50345. What is u(-52)?
165
Let j(d) = -13*d**2 - 26*d + 903. Calculate j(7).
84
Let c(z) = -2*z**2 - 1021*z + 55672. Determine c(-561).
-989
Let y(b) = -672*b**2 - 16054*b + 1812. Give y(-24).
36
Let x(y) = 490*y + 3999. Determine x(-18).
-4821
Let i(d) = 1630*d + 96130. Calculate i(-59).
-40
Let z(u) = -394*u - 840. Determine z(-2).
-52
Let f(n) = -120572*n**2 + 723450*n - 11. Determine f(6).
97
Let h(i) = 47*i**3 + 256*i**2 - 17*i + 24. Determine h(-6).
-810
Let l(y) = y**3 + 72*y**2 - 1627*y - 647. What is l(-90)?
-17
Let a(j) = 10*j**3 + 267*j**2 + 175*j - 149. Give a(-26).
33
Let t(w) = w**3 + 138*w**2 + 1180*w + 2315. Calculate t(-129).
-136
Let v(j) = -107*j - 2537. Determine v(-27).
352
Let i(a) = 329*a - 7836. Determine i(23).
-269
Let y(u) = 171*u + 3870. Give y(-24).
-234
Let q(j) = -4018*j - 36160. What is q(-9)?
2
Let f(i) = -3*i**2 + 401*i + 25591. Calculate f(181).
-111
Let p(n) = 3*n**2 - 606*n - 2544. Calculate p(206).
-72
Let f(a) = a**2 - 43*a + 687. What is f(0)?
687
Let s(t) = 1181*t**3 + t**2 + t - 2. Determine s(0).
-2
Let k(s) = -1631*s + 1768. Calculate k(2).
-1494
Let c(t) = -5009*t - 25165. Give c(-5).
-120
Let f(p) = -205*p**3 - 615*p**2 - 20*p - 53. Determine f(-3).
7
Let y(b) = -177*b**2 - 297*b + 1205. Give y(4).
-2815
Let h(k) = 3*k**2 + 151*k + 676. Determine h(-49).
480
Let a(s) = s**3 + 2*s**2 + 17579*s - 141267. Calculate a(8).
5
Let z(u) = -17*u**2 - 82*u - 77. Determine z(-7).
-336
Let t(a) = 9786*a + 107684. Determine t(-11).
38
Let n(p) = 22*p**2 - 4963*p + 1951. Give n(225).
-974
Let w(m) = -2*m**2 - 2235*m + 18048. Determine w(8).
40
Let s(v) = -5284*v - 184939. Calculate s(-35).
1
Let t(d) = 3*d**2 + 838*d + 23487. Give t(-30).
1047
Let d(f) = f**3 - 46*f**2 - 1490*f + 62001. Determine d(32).
-15
Let l(y) = 403924*y + 403918. Determine l(-1).
-6
Let a(b) = 3*b**3 + 1176*b**2 + 16970*b + 22. Give a(-15).
-53
Let i(v) = -136*v + 38384. Calculate i(283).
-104
Let y(f) = -72*f + 4249. Determine y(56).
217
Let f(y) = y**2 - 433*y - 193724. Give f(707).
-6
Let m(q) = 15673*q**2 + 172413*q - 11. Determine m(-11).
-121
Let u(t) = -528*t + 12315. What is u(23)?
171
Let o(h) = 9*h**3 + 182*h**2 + 21*h + 437. Calculate o(-20).
817
Let k(s) = -700*s + 10979